x(16).
3280
Let l(y) = -37*y**3 + 1259*y**2 + 6*y - 119. Give l(34).
1241
Let x(w) = 3*w**3 - 343*w**2 - 16046*w - 591. Calculate x(150).
9
Let k(m) = 5*m**2 - 442*m - 81615. Give k(-91).
12
Let k(g) = -2*g**3 - 1606*g**2 + 1788*g + 144726. What is k(-804)?
6
Let i(p) = -74360*p + 148636. Calculate i(2).
-84
Let n(q) = -q**2 - 1889*q - 11297. What is n(-6)?
1
Let s(m) = 46*m**2 - 2997*m - 4283. Give s(66).
-1709
Let r(d) = 36*d**2 - 59*d + 11. What is r(3)?
158
Let r(z) = -6*z**2 - 67*z + 165. Give r(4).
-199
Let q(v) = 551528*v - 19303486. Calculate q(35).
-6
Let v(c) = 10*c**2 + 465*c + 2940. Give v(-39).
15
Let g(p) = p**2 + 1430*p + 34360. Calculate g(-25).
-765
Let d(w) = w**3 - 11*w**2 - 1686*w + 12022. What is d(7)?
24
Let y(r) = -3*r**2 + 3146*r + 886815. Calculate y(-231).
6
Let v(j) = -j**3 + 17*j**2 + 194*j + 634. Determine v(27).
-1418
Let a(k) = 20*k**2 + 683*k - 3. Give a(-34).
-105
Let n(d) = 12*d**2 - 1513*d - 1460. What is n(127)?
-63
Let j(w) = 3*w**3 + 30*w**2 + 202*w + 631. What is j(-5)?
-4
Let j(r) = 53042*r - 1803432. What is j(34)?
-4
Let t(r) = -8*r**2 + 820*r - 2771. Calculate t(99).
1
Let v(z) = -z**3 + 75*z**2 - 549*z + 41140. Determine v(75).
-35
Let f(l) = l**3 + 23*l**2 + 160*l + 1367. Give f(-19).
-229
Let q(i) = -2*i**2 - 1437*i - 177532. What is q(-560)?
-12
Let j(u) = -2*u**3 + 18*u**2 - 245*u + 638. Determine j(3).
11
Let i(j) = -j**3 + 184*j**2 + 770*j - 3506. Determine i(188).
-122
Let y(g) = g**2 - 301*g + 20521. Determine y(101).
321
Let f(t) = -561*t**3 - 17*t**2 - 7*t. Determine f(-1).
551
Let n(k) = 18148*k - 1778481. Give n(98).
23
Let n(b) = b**2 + 271*b + 16088. What is n(-176)?
-632
Let o(b) = -4068*b - 12235. Calculate o(-3).
-31
Let x(l) = -l**3 + 3356*l**2 + 20170*l - 7. What is x(-6)?
5
Let x(n) = -2*n**2 - 941*n - 66489. Determine x(-384).
-57
Let w(p) = -3*p**2 + 1869*p + 513. What is w(623)?
513
Let r(u) = -5*u**3 + 372*u**2 - 155*u + 458. Determine r(74).
-60
Let m(w) = w**2 - 33*w - 498. Calculate m(-11).
-14
Let w(s) = 10*s**3 + 1081*s**2 + 1184*s + 207. Determine w(-107).
-542
Let u(g) = -47174*g - 47199. Calculate u(-1).
-25
Let q(g) = -g**3 + 41*g**2 + 10*g - 184. Give q(41).
226
Let p(j) = 272*j - 29450. Determine p(117).
2374
Let x(s) = -292*s + 2734. What is x(15)?
-1646
Let o(x) = -19*x**2 - 11184*x - 29300. What is o(-586)?
0
Let v(b) = -31*b**2 + 25*b + 94. Give v(-3).
-260
Let n(z) = -252*z + 7968. What is n(31)?
156
Let d(s) = 140*s**2 - 335*s - 14. Give d(2).
-124
Let h(o) = 279*o**2 + 37100*o - 894. Determine h(-133).
37
Let p(h) = h**2 - 376*h + 35195. What is p(201)?
20
Let q(d) = -2*d**3 - 58*d**2 + 6427*d + 326. What is q(-73)?
107
Let s(l) = l**3 + 48*l**2 + 390*l + 182. Determine s(-10).
82
Let w(v) = -11*v**3 - 31*v**2 + 120*v + 348. Calculate w(-3).
6
Let r(l) = -25*l**2 - 1118*l + 2684. Give r(-47).
5
Let j(i) = -286*i + 307. What is j(2)?
-265
Let d(n) = 2*n**3 + 38*n**2 - 29*n - 511. Calculate d(-19).
40
Let w(a) = -2*a**2 - 6957*a - 138297. Determine w(-20).
43
Let i(b) = -19*b - 551. Determine i(-11).
-342
Let j(p) = -901*p**2 + 584*p - 1. Give j(1).
-318
Let r(o) = -298522*o + 4477875. Determine r(15).
45
Let k(d) = 2*d**2 - 1090*d + 37655. Determine k(37).
63
Let r(v) = -1139*v - 262151. What is r(-230)?
-181
Let g(o) = -24*o**3 - 312*o**2 + 2525*o + 32827. Calculate g(-13).
2
Let g(k) = 5*k**2 - 12383*k + 86358. Determine g(7).
-78
Let z(c) = -11*c**3 + 21*c**2 + 153*c - 560. Give z(4).
-316
Let y(f) = 10*f**2 + 2974*f - 4774. What is y(-299)?
10
Let i(s) = -33*s**3 - 8*s**2 + 21*s + 142. Determine i(-4).
2042
Let a(h) = -8*h**3 + 5*h**2 - 32*h + 161. What is a(5)?
-874
Let p(u) = -u**3 - 3*u**2 - 97*u - 124. Determine p(-10).
1546
Let x(r) = 3558*r + 99607. What is x(-28)?
-17
Let v(i) = 54*i + 2320. What is v(-35)?
430
Let w(q) = -7154*q - 4106428. Give w(-574).
-32
Let f(h) = 1221009*h + 28083203. What is f(-23)?
-4
Let n(x) = 3019*x + 22767. Give n(-8).
-1385
Let g(w) = w**2 - 2253*w + 1233. Calculate g(0).
1233
Let g(u) = -1268*u**2 - 3767*u + 1. Calculate g(-3).
-110
Let o(q) = -q**2 + 8329*q - 83216. Give o(10).
-26
Let m(y) = -33457*y - 869813. Calculate m(-26).
69
Let h(s) = -2*s**3 - 215*s**2 - 2540*s + 113. Calculate h(-14).
-979
Let p(b) = -4547*b - 595526. Determine p(-131).
131
Let c(z) = -3968*z - 28153. Determine c(-7).
-377
Let n(m) = -4*m**2 - 445*m - 9861. Calculate n(-22).
-2007
Let w(b) = 169349*b + 1016047. What is w(-6)?
-47
Let k(u) = u**3 + 5994*u**2 - 17967*u - 67. Give k(3).
5
Let h(m) = 2525*m - 25886. Calculate h(10).
-636
Let o(h) = 12*h**2 + 2593*h - 2382. Give o(-217).
5
Let s(f) = -1316*f - 419788. Give s(-319).
16
Let z(h) = 117685*h + 5060468. Determine z(-43).
13
Let f(k) = 4227*k - 101447. Give f(24).
1
Let k(h) = 21*h**2 - 29765*h + 148830. What is k(5)?
530
Let b(t) = -546*t + 174725. Determine b(320).
5
Let c(k) = 1306*k + 62778. Give c(-48).
90
Let h(l) = 245*l + 28272. Give h(-98).
4262
Let p(a) = a**3 - 51*a**2 - 1667*a + 86473. What is p(49)?
-12
Let w(l) = -l**3 + 132*l**2 - 66*l - 7791. What is w(131)?
724
Let q(f) = f**3 - 69*f**2 - 145*f + 296. Give q(71).
83
Let d(y) = -334*y + 4168. Determine d(14).
-508
Let z(p) = -p**2 - 3688*p - 2727856. Calculate z(-1024).
80
Let b(d) = -620*d - 248646. Give b(-401).
-26
Let v(k) = -k**3 - 94*k**2 - 830*k + 817. What is v(-84)?
-23
Let t(u) = u**2 - 6120*u - 91885. Calculate t(-15).
140
Let g(x) = 4*x**2 + 276*x - 71958. Calculate g(-173).
10
Let f(w) = 73*w**2 - 1710*w + 721. Calculate f(23).
8
Let q(a) = a**3 + 49*a**2 + 25*a + 1482. What is q(-49)?
257
Let n(w) = -w**3 - 13*w**2 - 132*w + 1471. What is n(6)?
-5
Let p(l) = -l**3 + 42*l**2 - 44*l - 11. What is p(-6)?
1981
Let z(m) = m**3 + 3*m**2 - 10325*m - 2. Determine z(0).
-2
Let a(g) = -65045*g + 195149. Determine a(3).
14
Let n(f) = f**3 - 342*f**2 + 29237*f + 797. Calculate n(171).
113
Let b(l) = l**3 + 1604*l**2 - 40726*l + 20. What is b(25)?
-5
Let r(z) = 2*z**3 - 280*z**2 + 557*z - 696. Determine r(138).
-6
Let a(n) = -n**2 - 31*n + 12576. What is a(103)?
-1226
Let v(l) = 6*l**2 - 52*l - 643. Calculate v(-25).
4407
Let o(z) = -z**3 - z**2 - 12*z - 66. Give o(-3).
-12
Let d(y) = -64*y**2 + 4819*y + 3413. Determine d(76).
-7
Let c(k) = 1159*k + 44195. Give c(-38).
153
Let y(d) = -139*d**2 + 605*d + 1766. Determine y(-2).
0
Let u(v) = 647*v + 6210. Calculate u(-11).
-907
Let d(b) = -9*b**2 - 41*b + 211. What is d(4)?
-97
Let m(c) = c**3 - 13*c**2 + 47*c - 781. Determine m(14).
73
Let d(c) = -457954*c + 2289779. Give d(5).
9
Let j(k) = -29*k - 2554. Determine j(-61).
-785
Let c(n) = -n**3 + 191*n**2 + 1971*n - 373. Calculate c(-10).
17
Let c(d) = 873*d + 145793. Give c(-167).
2
Let n(k) = 6355*k**2 + 69897*k - 80. Determine n(-11).
8
Let s(o) = -2088*o + 31321. What is s(15)?
1
Let t(h) = 9*h**3 + 316*h**2 - 368*h - 14164. Give t(-35).
-59
Let b(l) = -l**3 - 127*l**2 - 142*l + 307. What is b(-126)?
2323
Let b(i) = -35*i**2 + 319*i + 1967. Give b(-6).
-1207
Let j(m) = -2090*m - 142218. Calculate j(-68).
-98
Let m(z) = z**3 - 86*z**2 + 75*z + 847. Calculate m(85).
-3
Let w(u) = -422*u + 31648. Give w(74).
420
Let z(q) = 3*q**2 - 75*q + 319. Calculate z(12).
-149
Let m(z) = -301*z - 3648. Give m(-14).
566
Let g(y) = 540*y**2 - 36*y + 41. Determine g(1).
545
Let h(m) = 22484*m + 2698078. What is h(-120)?
-2
Let t(f) = -2*f**3 + 66*f**2 + 482*f + 3. Calculate t(-7).
549
Let s(v) = -2*v**3 - 21*v**2 + 106*v + 113. Determine s(-14).
1
Let y(m) = -m**3 + 52*m**2 + 345*m + 16967. What is y(62)?
-83
Let p(r) = 3233526*r + 11. Calculate p(0).
11
Let r(y) = -8774*y - 166716. Determine r(-19).
-10
Let q(z) = z**2 + 443*z + 48675. What is q(-241)?
-7
Let i(b) = b**2 + 272*b + 13320. Determine i(-64).
8
Let d(t) = -4860*t - 33969. What is d(-7)?
51
Let w(j) = -2*j**3 - 40*j**2 - 1752*j - 37742. Give w(-21).
-68
Let f(y) = 12*y**3 - 83*y**2 + 89*y - 99. What is f(6)?
39
Let a(w) = -4*w**2 + 107*w + 190. What is a(26)?
268
Let h(s) = -5118*s + 527325. Determine h(103).
171
Let z(s) = -595*s + 222483. Give z(374).
-47
Let b(f) = f**3 - 7*f**2 + 1124*f - 17057. Determine b(14).
51
Let t(l) = -59*l**2 - 321*l - 5. What is t(-7)?
-649
Let g(z) = -1466*z + 3057. Determine g(3).
-1341
Let u(s) = 308*s - 3564. What is u(11)?
-176
Let 